uppose m + 2*m + 3 = 0, 201 = 3*c - 3*m. Let h = 78 - c. Calculate the greatest common divisor of h and 204.
12
Let w(q) = -16*q + 224. Let a be w(10). What is the greatest common factor of a and 112?
16
Let r be ((-1)/(8/(-150)))/(243/1296). Let t(f) = -3*f**3 - 2*f**2 + 1. Let p be t(-1). Suppose -3*j + 50 = p*j. What is the highest common factor of r and j?
10
Let v(c) be the third derivative of c**5/60 + 5*c**4/24 - c**3/2 + 3*c**2. Let r be v(-7). What is the highest common divisor of r and 99?
11
Let c be (-81 - 3)*21/(-14). Suppose -4*l + 194 = -c. What is the greatest common factor of 20 and l?
20
Suppose -l - 58 = -4*r, -5*r = -6*l + 4*l - 71. Suppose -7*p - 36 = -981. Calculate the highest common divisor of r and p.
15
Suppose 0 = 11*m - 3845 + 765. What is the highest common divisor of 40 and m?
40
Suppose -5*g + 16 = -c - 14, -3*g - c = -10. Suppose 3 = 4*d - z - 47, d + g*z = 2. Suppose -2*h + d = h. Calculate the highest common factor of h and 32.
4
Let p be -1 - (1495/39 + (-2)/(-3)). Let b = p - -49. Suppose 4*x = -0*x - g + 393, 3*g + 9 = 0. What is the greatest common factor of x and b?
9
Let o(c) = -c - 2. Let v be o(-15). What is the greatest common factor of v and 91?
13
Suppose 7*q - 5*q - 62 = 0. Suppose z - 5*k + k = 48, -q = -2*z - 5*k. What is the highest common factor of 252 and z?
28
Let j = -22 - -39. Suppose 19*a - 437 = -114. What is the highest common divisor of j and a?
17
Let g = -1085 + 1589. Calculate the highest common divisor of 792 and g.
72
Let x(b) = b**3 + 5*b**2 - 17*b - 13. Let l be x(-7). Suppose 42 = 2*y - 70. Calculate the highest common factor of y and l.
8
Suppose 5*y - 3*l - 20 = 2*l, 4*l = -y - 1. Suppose 3*f + y*o = -8 + 11, -o = -f + 5. What is the highest common divisor of 6 and f?
3
Suppose -4*n = 4*y - 16, y - 3*n + 1 = -3. Suppose 0 = -y*p + 41 + 5. Calculate the greatest common factor of p and 23.
23
Let a be 15/20 + -1*6543/(-12). Calculate the greatest common divisor of a and 21.
21
Suppose -6 = 2*a - q, 0*a + 3*q = 2*a + 10. Let j be (-430)/(-25)*(-5)/a. Calculate the greatest common factor of 86 and j.
43
Let f = 39 + 7. Let c be -3*(-3 - (-1365)/(-27)) - 42/(-126). Calculate the greatest common factor of f and c.
23
Let c be (-942)/48 - (-6)/(-16). Let g be c/(-15)*3 + -1. Suppose 5*x - g*s = 2*x + 81, -s = 4*x - 133. What is the greatest common factor of x and 4?
4
Let i(u) = -u**3 - u - 1. Let j be i(-2). Let g be 450/(-25)*(-1)/(-2)*-1. What is the highest common factor of j and g?
9
Let q = 6 - -7. Let k(r) = 34*r + 159. Let c be k(-2). What is the highest common divisor of c and q?
13
Let g(j) = 9*j**2 + 5*j**2 - 12*j**2. Let m be g(1). Suppose m*d + o = 233 - 60, 3*o = 5*d - 405. What is the highest common factor of 14 and d?
14
Suppose 4*m = -v - v - 2, -6 = 3*m. Suppose -u - 237 = -3*y - 16, -y + v*u = -87. What is the greatest common factor of 8 and y?
8
Suppose 0 = -3*g + 229 + 194. What is the greatest common factor of 329 and g?
47
Suppose 2 - 5 = 3*r. Let z be (r - -2) + (-98)/(-2). Suppose 0 = 4*b + 5*n - 25 - 40, -5*b = 5*n - 75. What is the greatest common factor of z and b?
10
Let l be 1/(3/9) - (-56 + 14). Calculate the highest common factor of l and 105.
15
Suppose 9623 = 87*d - 84*d - y, 0 = 4*y + 20. What is the highest common divisor of 28 and d?
14
Suppose 13*k = -4*k + 7752. What is the highest common factor of 48 and k?
24
Let l be -9 - (-611)/65 - 298/(-5). What is the highest common factor of l and 84?
12
Let g be 2183*4/24 - 12/(-72). Calculate the greatest common factor of g and 156.
52
Suppose b - 2*b = -2*c + 12, -5*c - 2*b + 21 = 0. Suppose 2*d + 25 = 5*i + 7*d, d = 4. What is the highest common divisor of c and i?
1
Let f(j) = j**3 + 8*j**2 - 53*j - 194. Let d be f(-11). Let v(n) = 13*n**2 + n + 1. Let w be v(-1). Calculate the greatest common divisor of w and d.
13
Let m be ((-10)/1)/((-11)/55). Suppose 3*r = -r + 28. Suppose -r = -2*y + 13. What is the greatest common factor of m and y?
10
Let k(m) = 6*m - 6. Let c be k(5). Suppose 3*b = t + 580, -5*b + 21*t + 948 = 24*t. Calculate the greatest common divisor of b and c.
24
Let h = 554 + -367. What is the highest common factor of 143 and h?
11
Let p be (15 + 4)/(-4 - -3). Let u be -2 + (-3 - (p + 4)). What is the greatest common divisor of 5 and u?
5
Let h = 233 + -227. What is the highest common factor of h and 30?
6
Suppose -8*i = -18*i + 160. Let x = 19 - -45. What is the greatest common divisor of i and x?
16
Suppose -4*o = x + 5, 2*o + 7 = 2*x - 3. Suppose x*u - 168 = -3. Let p be 8/10 - (-1166)/u. Calculate the highest common divisor of p and 242.
22
Let l(b) = 2*b. Let d be l(3). Let u(s) = s**3 + 7*s**2 - 5*s + 9. Let t be u(-8). Let a be (2/(-2))/(5/t). What is the highest common factor of d and a?
3
Let n be 5*10/25*39. Calculate the greatest common divisor of n and 3.
3
Let h = 0 - -15. What is the greatest common divisor of 195 and h?
15
Suppose 70*h - 8 = 69*h. Let z(a) = 2*a**2 - 11*a + 5. Let c be z(h). What is the highest common divisor of 75 and c?
15
Let v be 72/32*1*4. Let j(q) = 72*q**2 - 4*q - 4. Let a be j(-1). What is the highest common factor of a and v?
9
Let j = -41 + 77. Let v = -219 - -399. What is the highest common divisor of j and v?
36
Let k be 33/(-22) + 207/6. Calculate the greatest common factor of k and 3.
3
Let j = -3 + 8. Suppose -14*o = -12*o - 16. Suppose z = -o + 48. What is the highest common factor of z and j?
5
Let v(y) = y**3 - 5*y**2 - 67*y - 25. Let z be v(13). What is the highest common divisor of 19 and z?
19
Let n(k) = k**3 + k**2 - 3*k - 3. Let z be n(-2). Let y be 29 + (1 + z - 4). Calculate the highest common factor of 150 and y.
25
Suppose 0 = 3*t - 2*o + 79 - 717, 2*t - 2*o = 422. What is the greatest common factor of t and 189?
27
Let x = -236 - -249. Let t(u) = -26*u. Let v be t(-4). What is the highest common divisor of v and x?
13
Let l be (-55)/(-6) + (1 - 6/36). Suppose -3*k - 280 = -7*k. What is the highest common divisor of k and l?
10
Suppose 0 = -4*o - 2*y + 54, 5*y + 45 = 22*o - 20*o. What is the greatest common factor of 162 and o?
3
Let b be 1*((-75)/6 - 0)*-6. Let x = 91 - b. What is the greatest common divisor of x and 72?
8
Let a(p) = 25*p**2 - 3*p - 7. Let c be a(-2). Suppose 5*y - c = -4*r, -6*y = r - y - 21. Calculate the greatest common divisor of 26 and r.
26
Let j = 50 + -20. Calculate the greatest common divisor of 40 and j.
10
Suppose 2*c = 52 + 58. Let m be -1 + (3 - 0) - -2. Suppose 3*g = m*k - 7 + 40, 2*g = -5*k + 22. Calculate the highest common divisor of g and c.
11
Let f(p) = -p**3 - 12*p**2 - 26*p + 9. Let y be f(-8). Let t = -3 - y. What is the highest common factor of t and 180?
36
Suppose 5*f = -0*f - 3*m + 85, -4*f = -3*m - 41. Suppose -3*k = 4*g - f, k + g + 2 = 6. What is the highest common divisor of 8 and k?
2
Let c(m) = 71*m + 240. Let z be c(7). Calculate the highest common factor of z and 11.
11
Suppose -3*x + 5*k = -4*x, -x - 4*k + 4 = 0. Calculate the highest common factor of 10 and x.
10
Suppose 2*f = f + 4. Let t(s) = -8*s. Let p be t(-2). What is the highest common divisor of p and f?
4
Let m be 26/65 - 2/5 - -84. Let h be 1120/6 - (-28)/m. Calculate the greatest common factor of h and 17.
17
Suppose -9*k + 12*k + 21 = 0. Let y be 12/k*7/(-2). Suppose y*q = 209 - 77. What is the highest common factor of 44 and q?
22
Let j = 1073 + -941. Calculate the highest common divisor of j and 231.
33
Let g(u) = 4*u**2 + 16*u - 34. Let y be g(2). What is the highest common divisor of y and 35?
7
Let j = 441 - 431. What is the greatest common divisor of j and 1270?
10
Let i(a) = -4*a + 3*a + 15*a + 1 - 8*a. Let n be i(1). Let l = 33 + -12. What is the greatest common divisor of n and l?
7
Suppose 112 = -5*f + 497. Let r(t) = -20*t + 91. Let z be r(4). Calculate the greatest common divisor of f and z.
11
Let w be 336/36*(355/10 + 5). Calculate the highest common divisor of 252 and w.
126
Let k = -196 + 296. Let d be (-6)/(-4)*k/15. Calculate the greatest common factor of 230 and d.
10
Suppose -144 = -5*a - 2*s + 6, a - s = 23. What is the highest common factor of 371 and a?
7
Suppose 5*z - 12 = 2*z. Let p be (28/10)/(z/20). Let n be (-816)/(-56) + 6/p. What is the greatest common divisor of 15 and n?
15
L